) + q/16. What is the remainder when 62 is divided by 8*(-2)/4*f?
14
Let i(j) = 4*j + 11. Let a be i(-4). What is the remainder when a/(-1 + 40/42) is divided by 27?
24
Suppose 2*n - 61 = 9*b - 14*b, 0 = 3*n + b - 124. Calculate the remainder when 106 is divided by n.
20
Let y = -99 - -106. Calculate the remainder when 342 is divided by y.
6
Suppose 5*x + 24 = 89. What is the remainder when x is divided by (5 - 0) + (-1 - -4)?
5
Suppose 3*c - 7 = 2*c. Let d = -66 - -71. Suppose -d*k = -7*k + 8. Calculate the remainder when c is divided by k.
3
Suppose -5*d + 15 = -4*h - h, -17 = -5*d + 4*h. Suppose -84 = -4*s + 4*r, d*r - 1 = -s + 2*r. Calculate the remainder when 78 is divided by s.
14
Suppose -790 = -3*p - 349. What is the remainder when p is divided by 50?
47
Let d(i) = -i**3 - 6*i**2 + i. Let u be d(-3). Calculate the remainder when 32 is divided by -15*((-3)/(-6) + 25/u).
2
Let d(l) = -7*l + 22. Let p(u) = u + 1. Let v be p(-4). Calculate the remainder when d(v) is divided by 0 - -1 - (-9 - 1).
10
Let u = -3 + 40. Let w = -125 - -136. Suppose -u = -2*j - w. Calculate the remainder when j is divided by 8.
5
Suppose 0 = -8*t - 1222 + 4422. What is the remainder when t is divided by 67?
65
Suppose p + 8 - 20 = 0. Let i = -8 + 33. Let s = i - p. Calculate the remainder when 51 is divided by s.
12
Let x = 27 - 24. Suppose -x*k - 380 = -13*k. What is the remainder when 73 is divided by k?
35
Suppose -4*k - 51 = v, -k - 3*k - 5*v - 47 = 0. Let p be (-7)/(k/6 - -2). Calculate the remainder when 49 is divided by (-1)/((-3)/p) + -1.
10
Let g(c) = -c**2 - 44*c + 1459. Calculate the remainder when g(22) is divided by 1/(-2) - (-45)/6.
0
Suppose -576 = -750*b + 741*b. Calculate the remainder when 1084 is divided by b.
60
What is the remainder when 17 is divided by (121/66)/(8/48)?
6
Let m = 5 + 8. Let p be 619/9 - 12/(-54). Let z = p + -33. What is the remainder when z is divided by m?
10
Let l(z) = 2*z**2 + 5*z - 1. Calculate the remainder when l(-8) is divided by (6/8)/(-6 - 121/(-20)).
12
Suppose 4*n = -4*p + 84, -6*p + 2*n = -3*p - 58. Suppose -3*x + 124 = 3*j - 284, -4*x + j + 549 = 0. What is the remainder when x is divided by p?
17
Calculate the remainder when 39 is divided by (-45 + (0 - 0))*(-116)/348.
9
Let z be 0/(-2 + (-3)/(-3)). Suppose 0 = 5*g, -3*g = -z*v - 5*v + 15. What is the remainder when ((-12)/10)/((-18)/120) is divided by v?
2
Let y(r) = 10*r**2 - 42*r + 4. What is the remainder when 119 is divided by y(5)?
31
Suppose 5*o = -6*o + 165. Let t(d) = -d**3 - 7*d**2 - 7*d + 7. What is the remainder when t(-7) is divided by o?
11
Let g = -119 + 64. Let o = -33 - g. Calculate the remainder when (o/8)/((-2)/(-40)) is divided by 14.
13
Suppose o = -3*g + 35, 54 = -2*g + 6*g + 5*o. Let c = -3 + 5. Suppose 10 = -5*k, 3*v - 3*k = -c*k + 95. What is the remainder when v is divided by g?
9
Suppose -147 = 3*r - 24*r. What is the remainder when r is divided by 4?
3
What is the remainder when 164 is divided by (150/21)/(1/7)?
14
Suppose d = 3*c - 107, c + 2*d = -d + 49. Suppose -10 = 36*g - c*g. Calculate the remainder when 10 is divided by g.
0
Let g(j) = 19*j**2 + j - 1. Let v be g(-1). Suppose 5*l - s = 13, l - v = -2*l - 4*s. Let t = -3 + 9. Calculate the remainder when t is divided by l.
0
Calculate the remainder when 603/804 + 1330/8 is divided by (-382)/(-18) + (-2)/9.
20
Suppose 4*j = -28*o + 33*o - 19, -1 = j. What is the remainder when 0 + (9*6)/2 is divided by o?
0
Suppose 2*d = 9 + 67. Suppose 5*l + 3*q = 85, 5*l - l - 76 = -4*q. Calculate the remainder when d is divided by l.
10
Let b = 546 - 522. Calculate the remainder when b is divided by 14.
10
Let t(y) = -y**3 - 12*y**2 + 15*y + 43. Calculate the remainder when 20 is divided by t(-13).
3
Let y(l) = -l**3 - 10*l**2 - 3*l - 8. Let x be (5 - 7)/(2/104). What is the remainder when y(-10) is divided by 6/(-9) - x/12?
6
Let m = 695 + -673. Suppose 43 = -0*r + r. What is the remainder when r is divided by m?
21
Suppose -7*c + 657 = 461. What is the remainder when 192 is divided by c?
24
Let f(x) = -x + 6. Let p be f(10). Let d = -6 - p. What is the remainder when 166/2 + 4 + d is divided by 29?
27
Let a(g) = -3*g**3 - 6*g**2 - 3*g - 4. Let s be a(-4). Suppose -t + 4 = 0, 0*c - t = -c + s. Calculate the remainder when c/(-42)*28/(-6) is divided by 5.
2
Suppose 4*l = -h + l + 95, -402 = -4*h - l. Calculate the remainder when h is divided by 34.
33
Let j(x) = 19*x - 10. What is the remainder when 2/(-12) - 3980/(-120) is divided by j(1)?
6
Let d = 159 + 19. Calculate the remainder when d is divided by 13.
9
Let v(s) = 6*s**2 - 3*s - 1. Let i(j) = -14*j - 265. What is the remainder when v(3) is divided by i(-20)?
14
Suppose -11*d + 8*d - 27 = 0. Calculate the remainder when (49 - 1) + (-5 - d) is divided by 18.
16
Let s(l) = l**3 - 7*l**2 - 7*l - 1. Let r be s(8). Let y = -7 + r. What is the remainder when 102 is divided by -1*(1 - y)*-26?
24
Suppose 30 = p - 2*f, -p - 4*f + 0*f = -54. Let y(x) = 2*x**2 - 2*x + 1. What is the remainder when p is divided by y(-2)?
12
Let q(i) = i**2 + 4*i - 13. Let y be q(-6). Calculate the remainder when 12 is divided by (1 - 0 - 0) + (3 - y).
2
Let w(l) = l**2 + 13*l + 145. Calculate the remainder when w(-9) is divided by 45.
19
Let a = -184 + 193. Calculate the remainder when 69 is divided by a.
6
What is the remainder when 5/((-35)/(-1029)) - -5 is divided by 27?
17
Let c(f) = -f**2 + 67*f - 492. Calculate the remainder when c(42) is divided by 43.
42
Let k(l) = 36*l + 558. Calculate the remainder when 69 is divided by k(-15).
15
What is the remainder when 8/4*(-855)/(-18) is divided by 6?
5
What is the remainder when (-9360)/(-320)*(-32)/(-3) + -8 is divided by 2?
0
Let c(z) = -z + 5. Let g be c(6). What is the remainder when g/(-2 - (-90)/46) is divided by -3*(-1)/6*26?
10
Let a(d) = -41*d - 64. What is the remainder when a(-9) is divided by 18?
17
Let u(m) = 4*m - 77. Calculate the remainder when 133 is divided by u(30).
4
Suppose 0 = 2*j + g - 25, -5*j + 2*g + 0*g = -58. Calculate the remainder when 47 is divided by j.
11
Let s(r) = r**3 + 18*r**2 + 14*r - 10. Calculate the remainder when 121 is divided by s(-17).
39
Suppose 12*j + 535 = 5*h + 14*j, 321 = 3*h + 4*j. Calculate the remainder when h is divided by 19.
12
Let y(g) = 7*g + 1. Let z = 8 + -6. Let o = 1 + z. What is the remainder when y(1) is divided by o?
2
Let d(o) = 25*o + 285. What is the remainder when 452 is divided by d(-10)?
32
Let f be 5/(-4 + (6 - 3)). Let k = f - -21. Calculate the remainder when 94 is divided by k.
14
Calculate the remainder when (1826/11)/((-7)/(-14)) is divided by 112.
108
Let n = -1498 + 1550. Calculate the remainder when 196 is divided by n.
40
Calculate the remainder when 6 is divided by (-1)/2 - 12/32*-4.
0
Let f = 5 + 4. Let c = 14 - f. Suppose -5*j = 3*r + 12 - 170, -5*j - c*r = -150. Calculate the remainder when j is divided by 9.
7
Suppose -4*a + 2*v + 170 = 0, 0 = -38*a + 36*a + 5*v + 89. Calculate the remainder when 1049 is divided by a.
41
Suppose 13*n - 3*x + 429 = 17*n, -5*x = 5. Calculate the remainder when n is divided by 36.
0
Let b = 12 + -6. Let k(u) = -u**3 + 7*u**2 - 6. Calculate the remainder when k(b) is divided by (11 + 1)/((-228)/(-24) - 8).
6
Suppose 3*i = i - 14. Let k(s) = -6*s + 10. Calculate the remainder when k(i) is divided by 27.
25
Suppose -3*y = -2*y - 3. Suppose 4*v = 4*b, -4*v - 4*b - 21 = y. Let o(k) = k**3 + 4*k**2 + k + 3. What is the remainder when 15 is divided by o(v)?
6
Let m(a) = a - 2. Let r be m(2). Suppose d = -r*d + 25. What is the remainder when (146/(-4))/((-10)/4 + 2) is divided by d?
23
Let b be (-9)/(-6)*(-12 + (-2 - -4)). Let x = 0 - b. What is the remainder when x is divided by 4?
3
What is the remainder when 22/121 + (-1910)/(-22) is divided by 10?
7
Suppose 0 = -7*v - 5 + 187. Calculate the remainder when v is divided by 16.
10
Let d be 9/((-27)/6 + 3). Let j = d + 10. Let v = 12 + 3. Calculate the remainder when v is divided by j.
3
Calculate the remainder when (4680/(-325))/(3/(-20)) is divided by 9.
6
Let a(t) = -t**3 + 4*t**2 - 4*t + 3. Calculate the remainder when 5 is divided by a(2).
2
Suppose -174 + 44 = -2*n. Let a = n - -12. Calculate the remainder when a is divided by 13.
12
Suppose 1019